x = 29, 8*x - 4*x - 28 = 0. Calculate k(j).
-4
Let u(l) = -286*l + 650. Let p(b) = 101*b - 229. Let w(j) = 17*p(j) + 6*u(j). Let h = 10 + -4. What is w(h)?
13
Let j(z) = -16*z + 7. Let g be j(-13). Let w(c) = 437 - g + 2*c - 219. Calculate w(-5).
-7
Let x(y) be the first derivative of -y**2/2 - 10*y - 762. Calculate x(-7).
-3
Let c(p) = p - 2. Let f(w) = -3*w - 10. Suppose 14*d - 9*d + 15 = 0. Let n be ((-8)/d)/((-8)/12). Let k be f(n). Determine c(k).
0
Let v be -2 - 4/(-6)*(5 + 7). Suppose 25 + v = 4*p - j, 3*p + 4*j = 47. Let f(q) = -q**2 + 10*q - 2. Calculate f(p).
7
Let l(s) = -2*s + 8. Let x(o) = -o + 6. Let y(u) = -2*l(u) + 3*x(u). Let a be ((-6)/(-12) - 1)/((-2)/20). Determine y(a).
7
Let l(k) be the third derivative of -k**5/20 - k**4/24 + k**2 - 7*k + 10. Give l(-2).
-10
Suppose 0 = -21*j + 17 + 424. Let f(p) = -p**3 + p + 4*p**2 - j*p**2 + 2 + 14*p**2. Calculate f(-3).
-1
Let x = 2334 + -2295. Let r(j) = -j**3 - 2*j**2 + 2*j + 1. Let c be r(3). Let z = c + x. Let k(f) = -2*f**2 + 2*f - 1. Determine k(z).
-1
Let y(i) = 2*i - 23. Let l be y(14). Suppose -d + 11 - l = 0. Suppose 0 = -d*q - 32 + 8. Let h(b) = -b**2 - b. Give h(q).
-12
Let t(i) = -i**3 + 20*i**2 - 34*i - 3. Let a(v) = -2*v**3 + 31*v**2 - 56*v - 99. Let q be a(13). Give t(q).
33
Let v(z) be the first derivative of -z**3/3 + 29*z**2/2 - 136*z + 2706. Calculate v(6).
2
Let a(i) be the first derivative of -12*i**2 + 8*i - 1513. Give a(-2).
56
Let a(h) = 4*h**2 + 13*h - 163. Let c(q) = -q**2 - 3*q + 40. Let y(i) = 4*a(i) + 15*c(i). What is y(5)?
8
Let q be ((-4)/42*7)/((-2)/6). Let k(f) = 15*f**2 + 5*f + 6. Let n(g) = 10*g**2 + 3*g + 4. Let s(d) = 5*k(d) - 8*n(d). Determine s(q).
-20
Let w(l) = -8*l**2 - 1. Let d(h) = -30*h**2 + 2*h - 6. Let r(f) = d(f) - 7*w(f). What is r(-1)?
25
Let s be (4/((-30)/9 + 4))/3. Let n be 20/40 + 1/s. Let q(g) = -10*g**2. Give q(n).
-10
Let a(n) = 11*n - 9. Let h(m) = -5*m + 4. Let v(r) = -3*a(r) - 7*h(r). Let s(k) = k**2 + 8*k - 14. Let d be s(8). Let z = d + -108. Determine v(z).
11
Let z(j) = -14*j**3 - 7*j + 15*j**3 + 6*j**2 - 3*j + 11 - 14*j**2 + 3. Suppose -23 = -2*n + u, -3*n - 3*u = 2*n - 30. What is z(n)?
5
Let w(u) be the first derivative of -4*u**3/3 - 17*u**2 + 24*u - 4009. What is w(-10)?
-36
Let f(k) = k**3 - 5*k**2 - 128*k + 31. Let i be f(14). Let g(u) = -5*u**2 + 13*u + 2. Calculate g(i).
-4
Let n(u) = u**2 - u + 7. Let d(g) = g**2 - g - 2. Let c(r) = r**3 - 11*r**2 + 8*r + 19. Let p be c(10). Let b be d(p). What is n(b)?
7
Let v = 4610 - 4596. Let u(s) = -s + 8. Determine u(v).
-6
Suppose -4*g - 1 = 5*b, -17*g - 15 = -14*g - b. Let l(m) = 12*m - 6. Let w(k) = 14*k - 4. Let u(t) = g*l(t) + 3*w(t). Give u(6).
-24
Let x(d) = -d**2 + 2*d. Let t(r) = 7*r**2 + 5*r + 2. Let i(y) = -t(y) + x(y). Determine i(-4).
-118
Suppose 32 = 4*p - 4*q, -4*q = 4*p - 3*p + 7. Let b(t) = -19*t - 85. Let m(r) = 7*r + 32. Let u(f) = -15*b(f) - 40*m(f). What is u(p)?
20
Let y(v) = 12*v**2 - 34*v + 119. Let p(g) = -25*g**2 + 68*g - 259. Let c(j) = -6*p(j) - 13*y(j). Determine c(6).
-5
Let y(j) = -66*j + 418. Let u be y(5). Let d = u - 89. Let n(p) be the second derivative of -11*p**4/12 + p**2/2 - p. Give n(d).
-10
Let s be -1*14/63 + (-25)/9. Let h(l) = -8*l - 19. Determine h(s).
5
Let x(h) be the third derivative of 3*h**4/8 + 3*h**3 - 62*h**2 - 2*h. Calculate x(-3).
-9
Let q(p) = 7 - 5*p - 13 - 4. Let f be q(-3). Let s(w) = 3*w + 6. Give s(f).
21
Let d(g) = -3*g**3 + 2*g**2 - 29*g + 47. Let o(h) = -h**3 + h**2 - 11*h + 16. Let v(y) = -3*d(y) + 8*o(y). Calculate v(0).
-13
Let x(h) = h**2 + 96*h + 442. Let g be x(-91). Let z(o) = -o**2 - 7*o + 90. Determine z(g).
12
Suppose -3*r = 2*l + 2, r - 6 + 0 = -2*l. Let q(a) = 4*a**2 + 18*a - l*a**2 - 22*a + 4*a + 14*a**3. Let f be (2/8)/(1/4). Calculate q(f).
13
Let m(d) = d + 12. Suppose -5*y - n - 34 = 0, y + 2*n = 5*n + 6. Let x be m(y). Let i(w) = 3*w**2 + 12*w**3 + 5 - 5*w**3 - 2*w - 2*w - x*w**3. Give i(-4).
5
Let b(d) = d. Let a(p) = p**2 + 10*p + 3. Let f(o) = -a(o) + 5*b(o). Let j(w) = -14*w**2 - 44*w + 123. Let r be j(-5). Calculate f(r).
-17
Let o(h) = h**2 - 24*h + 49. Let i be o(22). Let d(p) = 157 + 2*p + p**3 - 155 - 2*p**3 - i*p. What is d(2)?
-12
Suppose -119*q + 236*q = -210*q - 1635. Let d(u) = 69*u + 345. Give d(q).
0
Suppose 4*k - 26 = -2. Suppose -9*v + 51 = -k*v. Let r(j) = 2 - 3*j**2 + v*j**3 + 28*j**3 + j**2 + j - 44*j**3. Determine r(-2).
-16
Let v(z) = 2*z**2 - 9*z + 1. Let f be (-48)/4 + (-112)/(-7). Give v(f).
-3
Let j(y) = -4*y**2 - 2*y - 326. Let t(v) = -5*v**2 - 3*v - 435. Let g(u) = -4*j(u) + 3*t(u). Suppose -14 - 16 = -5*s. Give g(s).
29
Let s(a) = 2*a**2 + 7*a - 7. Let h(d) = 5*d**2 + 21*d - 21. Let g(r) = 3*h(r) - 8*s(r). Let p = -1 - -4. Suppose -p*f + 20 = f. Determine g(f).
3
Let j = 53321 + -53322. Suppose 3*k + 12 = k. Let g(y) = -12*y**2 - y + 5. Let r(l) = 11*l**2 + l - 6. Let w(f) = k*g(f) - 5*r(f). Calculate w(j).
16
Let m(l) = 9*l**3 - 21*l**2 + 15*l + 23. Let h(g) = -4*g**3 + 10*g**2 - 7*g - 11. Let w(p) = -7*h(p) - 3*m(p). Determine w(6).
-4
Suppose -27*y = 3*u - 29*y + 54, -62 = 2*u + 3*y. Let z(p) = p**2 + 14*p - 177. Calculate z(u).
-1
Suppose 33*u - 64*u + 16 = -23*u. Let a(n) = -6*n + 12. What is a(u)?
0
Let s(y) = -20*y - 122. Let p(j) = j**3 - 39*j**2 + 52*j - 538. Let m be p(38). Give s(m).
-2
Let u(k) = -k + 13*k**2 - 5*k**3 + 21 - 38 + 6*k**3. Let h be (-945)/75 - 1/10*4. Give u(h).
-4
Let y(t) = -t**3 + 4*t**2 + 3*t. Suppose -2*r + 1636 = -4*x, -r - 1636 = 11*x - 7*x. Let u = x + 413. Give y(u).
12
Suppose -2*m = -6*m - 3*w + 14, -2*m + w + 12 = 0. Let c(a) = -a**3 + 4*a**2 + 4*a - 2. Give c(m).
-7
Let c(z) be the second derivative of -13*z**4/6 - z**3/6 + 2786*z. Calculate c(2).
-106
Suppose 2*i + 12 = 3*j, 0 = 3*j - 4*i - 3 - 15. Let c(a) = 236*a**2 + a - 239*a**2 + 0*a + j*a**3. Calculate c(2).
6
Let y(q) be the third derivative of -152*q**2 + 0*q + 1/3*q**4 - 3/2*q**3 + 0 - 1/60*q**5. Give y(5).
6
Let u(n) = 3*n**2 + 80*n - 119. Let g(h) = 28*h**3 - 15*h**2 + 4*h + 19. Let v be g(-1). What is u(v)?
-7
Let j(o) = -2*o**2 - 3*o + 6. Let g(y) = -y**2 - 2*y + 3. Suppose -5*n - 28 = -3. Let v be ((-10)/n - -2) + 0/1. Let t(a) = v*j(a) - 7*g(a). What is t(-2)?
-5
Let k(v) = -16*v + v**3 - v**2 + 14*v + 1 - 2*v**3. Let l(c) = -c**2 + 15*c + 32. Let i(b) = b**2 + 4*b + 5. Let h be i(-6). Let a be l(h). Determine k(a).
9
Let x(z) = -4*z + 5. Let u(v) = -v**2 + 11*v - 23. Let m be u(7). Let h be -1*m/(10/(-8)). Suppose 23*p = 24*p + h. Calculate x(p).
21
Let k(d) = 56*d - 200. Let v(b) = -b + 8. Let o(i) = k(i) + 24*v(i). What is o(2)?
56
Let w(d) = -2*d**2 + 5*d - 3. Let q(u) = -148*u - 596. Let a be q(-4). Let v(f) = -f**2 + 2*f - 4. Let k be v(3). Let t = a - k. Calculate w(t).
-6
Let l(s) = 34*s + 3. Let p be l(-2). Let v be 4/(-26) + (-2 - 660/p). Let y(i) = i + 4. Give y(v).
12
Suppose 7 = -f + q, 0 = -f - 3*q - 2*q - 25. Let j be 5*(((-32)/f)/1 + 0). Let v be (-60)/j - (2/8 + -1). Let a(b) = b**3 + 4*b**2 + 3*b + 1. Give a(v).
1
Let d(u) = 9*u + 10. Let y(m) = -80*m - 85. Let p(t) = 35*d(t) + 4*y(t). Give p(-6).
40
Let c(x) be the second derivative of -x**3/6 - 10*x**2 + 1928*x. Let f be 4/(-14) + (-183)/21. Give c(f).
-11
Let l(u) = u**2 - 190*u + 64*u + 103*u - 2. What is l(15)?
-122
Let d(r) = 2*r + 4. Let b be d(2). Let a(j) = -2 - b*j + 12*j - 2*j + 13*j. Give a(2).
28
Let w(h) = 2*h**2 - 11. Suppose -124*j + 125*j = -p - 2, 0 = 4*j - 2*p + 20. Give w(j).
21
Let x(k) = -3 + 2 + 2 + k**3 + 5*k**2. Let m be x(-5). Let p(r) be the third derivative of -r**4/6 - 1115*r**2 + 4*r. Calculate p(m).
-4
Let q(b) = b**3 - 3*b**2 - 6*b + 11. Let z = 914 + -909. Determine q(z).
31
Let h(k) = -k**2 + 8*k - 3. Let n(u) = -u**3 + 2*u**2 - 3*u - 2. Let g be 0 - -1*(4 + -3)*-1. Let q be n(g). What is h(q)?
13
Suppose 0 = -4*j - 3 + 35. Suppose -b + 18 = j*b. Let r(t) = t**2 - t. What is r(b)?
2
Let b(a) be the second derivative of a**3/3 - 15*a**2 - 1815*a. What is b(15)?
0
Let u = -91 - -51. Let v be u/(-6) - (-2)/6. Let f(c) = -358*c + 23. Let p(k) = 307*k - 21. Let g(o) = 6*f(o) + 7*p(o). Give g(v).
-2
Let r(b) = -1008*b**2 + 1 - 4*b + 524*b**2 + 485*b**2 + b. Let s be (12/(-14))/(2/(-14)). Give r(s).
19
Let j(l) = -2*l**3 - 29*l**2 + 17*l + 28. Let i(b) = b